e 3, what is -12110 - 2012002210?
-2012022020
In base 7, what is 1 + -23051116?
-23051115
In base 9, what is -32 + 15122143?
15122111
In base 12, what is 70 + -11760?
-116b0
In base 12, what is -161 + 9a4b2?
9a351
In base 12, what is -102a + -26997?
-27a05
In base 5, what is 10330 + -2002100?
-1441220
In base 7, what is 1256530032 + 15?
1256530050
In base 4, what is -1201101110002 + -2?
-1201101110010
In base 2, what is -11010001 + 10011001111001?
10010110101000
In base 13, what is 16039 + -49b0?
11359
In base 8, what is -1 - 1703121?
-1703122
In base 5, what is -4 + -3442123411?
-3442123420
In base 5, what is 102013004 + -4?
102013000
In base 13, what is -404 + -381?
-785
In base 11, what is -3 - aa3703?
-aa3706
In base 6, what is -12352403 - 341?
-12353144
In base 14, what is 8b - -637b?
6428
In base 4, what is 3 + 12303131133?
12303131202
In base 5, what is 124103 + 1444?
131102
In base 2, what is -110011001 - 1000010001000001?
-1000010111011010
In base 14, what is 2ac03 - -951?
2b754
In base 16, what is 0 + -a03141?
-a03141
In base 7, what is 535 + -442153?
-441315
In base 14, what is 103470a + 10?
103471a
In base 11, what is -49 - 220674?
-220712
In base 15, what is -9454 - 18?
-946c
In base 13, what is 6c7b + 7ba?
7768
In base 10, what is 7 - 420979?
-420972
In base 11, what is 1 - 3401903?
-3401902
In base 16, what is 100e20ee + 2?
100e20f0
In base 16, what is -55b63 - -ed?
-55a76
In base 16, what is -1 + 457c9a8?
457c9a7
In base 12, what is 40b0 - 17ab?
2501
In base 7, what is -10166 + -224130?
-234326
In base 15, what is 18c5b45 - -25?
18c5b6a
In base 6, what is -443035533 - 11?
-443035544
In base 7, what is -10626336 - -42?
-10626264
In base 7, what is 156 - -1536011?
1536200
In base 6, what is -140 + -35025424?
-35030004
In base 14, what is -3 + -38d9d7?
-38d9da
In base 12, what is -16515a - -25?
-165135
In base 4, what is -31 + -313133010?
-313133101
In base 12, what is -3aa2 + -56b?
-4451
In base 10, what is -21155193 - -3?
-21155190
In base 12, what is 190a - 116a3?
-b995
In base 4, what is -203 + 11211333123?
11211332320
In base 14, what is -198 + -7c62b?
-7c7c5
In base 14, what is -1a20 - -296?
-1768
In base 11, what is 4527a0 - -21?
452811
In base 4, what is 11 - -31313131210?
31313131221
In base 16, what is 6 - 1d2008a?
-1d20084
In base 16, what is -366c35 - 50?
-366c85
In base 11, what is 8a97 - 12673?
-4687
In base 15, what is d + e938a?
e9398
In base 4, what is 130211130123212 - 10?
130211130123202
In base 9, what is 3086347 + -46?
3086301
In base 15, what is 1 + 2b8a538?
2b8a539
In base 7, what is -52 - 1022014?
-1022066
In base 14, what is -3 + 17393?
17390
In base 15, what is eaed5d - 8?
eaed55
In base 14, what is 1413d - -32?
14171
In base 15, what is -3d6b8 + -14e?
-3d817
In base 2, what is -100000 + 111000011000000110100001?
111000011000000110000001
In base 10, what is 4332270 - 5?
4332265
In base 14, what is 111c - 7817c?
-77060
In base 3, what is -22021011 - 1012211?
-100110222
In base 7, what is 1 + -3542005?
-3542004
In base 16, what is -9 + 5012d?
50124
In base 6, what is -1 - -4003453?
4003452
In base 2, what is 111110010100111001111 - 100010?
111110010100110101101
In base 5, what is -10031 - 430323324?
-430333410
In base 5, what is 122 + 410434?
411111
In base 4, what is 11231 + -12310001?
-12232110
In base 12, what is 4727 - 2ba?
4429
In base 5, what is 224123413 + -3?
224123410
In base 10, what is 2 - 71064?
-71062
In base 2, what is 11 - 1001001100001001001011000?
-1001001100001001001010101
In base 8, what is -6666 - -2255?
-4411
In base 8, what is -76435 + -12?
-76447
In base 3, what is -10002022 - 220021?
-10222120
In base 8, what is -5 - 43261026?
-43261033
In base 8, what is -204 + -731504?
-731710
In base 13, what is -15b91711c + -3?
-15b917122
In base 10, what is 163268 + 2367?
165635
In base 10, what is 68 - -438083?
438151
In base 9, what is -83424 - 34?
-83458
In base 7, what is -16 + 34600425?
34600406
In base 8, what is -2301435 + 0?
-2301435
In base 5, what is -144 + -204044224?
-204044423
In base 16, what is -2 - 37ff0c?
-37ff0e
In base 11, what is -57330 + -306a?
-5a39a
In base 13, what is 1b54388 + 4?
1b5438c
In base 9, what is -7 - -672815?
672807
In base 10, what is -2 - 6822651?
-6822653
In base 9, what is -70 + -5220042?
-5220122
In base 7, what is -1043324365 - 4?
-1043324402
In base 9, what is -143517 - 10?
-143527
In base 7, what is -5 + -445013120?
-445013125
In base 8, what is -1303 - 207000?
-210303
In base 10, what is 366493 + -1644?
364849
In base 14, what is -94ca5 + -10cd?
-95d94
In base 2, what is -1011001100111010111001 - 1001110?
-1011001100111100000111
In base 16, what is -5 - -e4e1ad?
e4e1a8
In base 12, what is -5b35 + 1023a?
6305
In base 3, what is -2100210 - -2121100020?
2111222110
In base 10, what is -135255 - 144?
-135399
In base 9, what is 4 + -13524378?
-13524374
In base 4, what is -22233 - 311310?
-1000203
In base 9, what is 47402 + -61335?
-12833
In base 15, what is -4b0 - 1bc4?
-2184
In base 7, what is -5535161 - -145?
-5535013
In base 9, what is -2425 - -3855?
1430
In base 12, what is 15912968 + -1?
15912967
In base 2, what is -100110011 + -110001011011100?
-110010000001111
In base 15, what is -1bb58b1 + 52?
-1bb585e
In base 15, what is 7c - -a7359?
a73d6
In base 7, what is 1015 - -43633?
44651
In base 14, what is ac567a9 - -2?
ac567ab
In base 5, what is -3231022112 - -11?
-3231022101
In base 10, what is -11765 + -4250?
-16015
In base 8, what is 4545515 + 4?
4545521
In base 11, what is 938 + -10805?
-a978
In base 13, what is 1c - -322b239?
322b258
In base 15, what is -6b61e77 + 1?
-6b61e76
In base 4, what is 3001233320 + 1111?
3001301031
In base 12, what is -b572 - 366?
-b918
In base 15, what is 9e + -4d25?
-4c76
In base 14, what is -7 - 10498418?
-10498421
In base 9, what is -107873 + -72?
-108055
In base 5, what is 3 + 213000430?
213000433
In base 8, what is -146313237 + 5?
-146313232
In base 11, what is 11 + 4836845?
4836856
In base 5, what is 4031232 + 314?
4032101
In base 14, what is -3521 - 699?
-3bba
In base 14, what is -38 + cc68?
cc30
In base 12, what is 7336a + -aa?
73280
In base 12, what is -7 + -790ba84?
-790ba8b
In base 4, what is 2020312 + 303102?
2330020
In base 11, what is 54a + -43288?
-42839
In base 14, what is -6085 + 1d6?
-5c8d
In base 11, what is 364885 - 141?
364744
In base 12, what is -1 - 1a34088?
-1a34089
In base 16, what is -5 + ab3fea7?
ab3fea2
In base 7, what is -5 + -144115644?
-144115652
In base 16, what is -2e + 1e5d46?
1e5d18
In base 9, what is 527520 + -2?
527517
In base 9, what is 121512 - 112?
121400
In base 10, what is 104737 + -404?
104333
In base 3, what is -112210022001020 - 12?
-112210022001102
In base 9, what is -61 + 118256?
118185
In base 16, what is -12b4 + a466?
91b2
In base 6, what is -45245143 + -503?
-45250050
In base 10, what is -5 - -3467843?
3467838
In base 12, what is -58b - 43118?
-436a7
In base 6, what is -1523040 - 202?
-1523242
In base 12, what is 7009 + -385?
6844
In base 5, what is -1211 + 2434404?
2433143
In base 10, what is -3 + -113531113?
-113531116
In base 7, what is -63533 + -15610?
-112443
In base 6, what is -1550232013 + -1?
-1550232014
In base 7, what is -2515 - -10341324?
10335506
In base 5, what is -1130 + 324104223?
324103043
In base 9, what is 401 + 7871?
8372
In base 7, what is -351165 + 514?
-350351
In base 3, what is -21 - -200021222122010?
200021222121212
In base 3, what is 2111222102 + -20020220?
2021201112
In base 7, what is 2212214415 + -4?
2212214411
In base 12, what is -147b9052 - 14?
-147b9066
In base 13, what is -64 - 4003?
-4067
In base 12, what is -2779792 - 157?
-2779929
In base 3, what is 11220001011 - -20?
11220001101
In base 4, what is 21333001202 + -102?
21333001100
In base 8, what is 15 + -2125324?
-2125307
In base 3, what is 11 - 1000222121201?
-1000222121120
In base 15, what is 26 - -e4692?
e46b8
In base 12, what is -2 + 290b90?
290b8a
In base 7, what is 2440532 + 2121?
2442653
In base 12, what is -42b + -180001?
-180430
In base 16, what is 17f17 + 58?
17f6f
In base 15, what is -87808604 + -5?
-87808609
In base 14, what is 52ccd2a + -4?
52ccd26
In base 12, what is -45490 - -129?
-45363
In base 6, what is -522 + -43243500?
-43244422
In base 7, what is 4643 + 616543?
624